ainder when 2849 is divided by 23.
20
What is the remainder when 263 is divided by 31?
15
Calculate the remainder when 505 is divided by 85.
80
What is the remainder when 115 is divided by 31?
22
What is the remainder when 104 is divided by 10?
4
What is the remainder when 75 is divided by 30?
15
What is the remainder when 105 is divided by 42?
21
What is the remainder when 13911 is divided by 30?
21
Calculate the remainder when 90 is divided by 13.
12
Calculate the remainder when 1591 is divided by 1573.
18
What is the remainder when 212 is divided by 17?
8
What is the remainder when 479 is divided by 23?
19
Calculate the remainder when 250 is divided by 18.
16
What is the remainder when 1227 is divided by 25?
2
What is the remainder when 212 is divided by 51?
8
Calculate the remainder when 1022 is divided by 64.
62
What is the remainder when 299 is divided by 8?
3
Calculate the remainder when 701 is divided by 141.
137
Calculate the remainder when 640 is divided by 92.
88
What is the remainder when 487 is divided by 181?
125
Calculate the remainder when 3767 is divided by 1247.
26
Calculate the remainder when 567 is divided by 154.
105
Calculate the remainder when 542 is divided by 34.
32
Calculate the remainder when 30 is divided by 3.
0
What is the remainder when 1507 is divided by 305?
287
Calculate the remainder when 605 is divided by 69.
53
What is the remainder when 806 is divided by 23?
1
Calculate the remainder when 201 is divided by 59.
24
Calculate the remainder when 1295 is divided by 431.
2
What is the remainder when 244 is divided by 52?
36
What is the remainder when 264 is divided by 67?
63
What is the remainder when 80 is divided by 33?
14
Calculate the remainder when 148 is divided by 8.
4
What is the remainder when 403 is divided by 45?
43
What is the remainder when 266 is divided by 52?
6
Calculate the remainder when 433 is divided by 142.
7
What is the remainder when 261 is divided by 12?
9
Calculate the remainder when 666 is divided by 134.
130
What is the remainder when 600 is divided by 86?
84
Calculate the remainder when 1574 is divided by 79.
73
Calculate the remainder when 394 is divided by 194.
6
Calculate the remainder when 422 is divided by 184.
54
Calculate the remainder when 333 is divided by 142.
49
What is the remainder when 1096 is divided by 22?
18
Calculate the remainder when 952 is divided by 5.
2
Calculate the remainder when 3392 is divided by 81.
71
Calculate the remainder when 185 is divided by 19.
14
What is the remainder when 579 is divided by 152?
123
Calculate the remainder when 252 is divided by 63.
0
What is the remainder when 284 is divided by 90?
14
Calculate the remainder when 717 is divided by 120.
117
What is the remainder when 115 is divided by 30?
25
Calculate the remainder when 136 is divided by 5.
1
What is the remainder when 115 is divided by 25?
15
Calculate the remainder when 405 is divided by 57.
6
Calculate the remainder when 52 is divided by 42.
10
Calculate the remainder when 6469 is divided by 2156.
1
Calculate the remainder when 4852 is divided by 99.
1
Calculate the remainder when 419 is divided by 105.
104
What is the remainder when 357 is divided by 6?
3
What is the remainder when 160 is divided by 27?
25
What is the remainder when 873 is divided by 288?
9
Calculate the remainder when 3978 is divided by 10.
8
What is the remainder when 977 is divided by 11?
9
Calculate the remainder when 57 is divided by 34.
23
What is the remainder when 88 is divided by 15?
13
Calculate the remainder when 246 is divided by 83.
80
Calculate the remainder when 247 is divided by 62.
61
Calculate the remainder when 767 is divided by 181.
43
Calculate the remainder when 238 is divided by 16.
14
Calculate the remainder when 1643 is divided by 150.
143
What is the remainder when 293 is divided by 23?
17
Calculate the remainder when 35 is divided by 6.
5
Calculate the remainder when 701 is divided by 227.
20
Calculate the remainder when 1600 is divided by 12.
4
What is the remainder when 491 is divided by 126?
113
Calculate the remainder when 6249 is divided by 59.
54
What is the remainder when 1054 is divided by 32?
30
Calculate the remainder when 21126 is divided by 17.
12
What is the remainder when 155 is divided by 122?
33
What is the remainder when 10128 is divided by 149?
145
What is the remainder when 769 is divided by 103?
48
Calculate the remainder when 246 is divided by 75.
21
Calculate the remainder when 1862 is divided by 81.
80
Calculate the remainder when 23 is divided by 5.
3
What is the remainder when 185 is divided by 9?
5
What is the remainder when 1364 is divided by 222?
32
What is the remainder when 88 is divided by 62?
26
Calculate the remainder when 1336 is divided by 440.
16
Calculate the remainder when 612 is divided by 31.
23
Calculate the remainder when 69 is divided by 37.
32
What is the remainder when 444 is divided by 103?
32
What is the remainder when 26 is divided by 9?
8
What is the remainder when 102 is divided by 13?
11
Calculate the remainder when 1079 is divided by 40.
39
Calculate the remainder when 913 is divided by 104.
81
Calculate the remainder when 477 is divided by 40.
37
What is the remainder when 3737 is divided by 89?
88
Calculate the remainder when 2158 is divided by 90.
88
Calculate the remainder when 8082 is divided by 55.
52
Calculate the remainder when 2426 is divided by 403.
8
What is the remainder when 609 is divided by 9?
6
Calculate the remainder when 55 is divided by 28.
27
What is the remainder when 44 is divided by 23?
21
What is the remainder when 329 is divided by 37?
33
What is the remainder when 307 is divided by 12?
7
Calculate the remainder when 4046 is divided by 45.
41
Calculate the remainder when 704 is divided by 232.
8
What is the remainder when 156 is divided by 81?
75
What is the remainder when 163 is divided by 47?
22
Calculate the remainder when 38 is divided by 10.
8
What is the remainder when 195 is divided by 6?
3
What is the remainder when 138 is divided by 117?
21
Calculate the remainder when 182 is divided by 39.
26
Calculate the remainder when 318 is divided by 85.
63
What is the remainder when 635 is divided by 115?
60
What is the remainder when 169 is divided by 112?
57
What is the remainder when 777 is divided by 249?
30
Calculate the remainder when 105 is divided by 9.
6
Calculate the remainder when 1052 is divided by 6.
2
What is the remainder when 687 is divided by 172?
171
Calculate the remainder when 3181 is divided by 57.
46
What is the remainder when 5747 is divided by 72?
59
Calculate the remainder when 1010 is divided by 92.
90
What is the remainder when 66 is divided by 60?
6
Calculate the remainder when 107 is divided by 6.
5
What is the remainder when 753 is divided by 54?
51
Calculate the remainder when 643 is divided by 49.
6
What is the remainder when 2143 is divided by 143?
141
What is the remainder when 45 is divided by 40?
5
What is the remainder when 1162 is divided by 15?
7
What is the remainder when 2106 is divided by 24?
18
What is the remainder when 1338 is divided by 223?
0
What is the remainder when 2552 is divided by 27?
14
Calculate the remainder when 335 is divided by 30.
5
What is the remainder when 1125 is divided by 24?
21
What is the remainder when 1129 is divided by 194?
159
Calculate the remainder when 19 is divided by 11.
8
What is the remainder when 1712 is divided by 78?
74
Calculate the remainder when 318 is divided by 113.
92
Calculate the remainder when 73 is divided by 3.
1
Calculate the remainder when 881 is divided by 65.
36
What is the remainder when 12944 is divided by 37?
31
What is the remainder when 1334 is divided by 19?
4
What is the remainder when 83 is divided by 83?
0
Calculate the remainder when 207 is divided by 197.
10
What is the remainder when 792 is divided by 53?
50
What is the remainder when 973 is divided by 65?
63
What is the remainder when 3680 is divided by 53?
23
Calculate the remainder when 136 is divided by 84.
52
What is the remainder when 710 is divided by 17?
13
Calculate the remainder when 4848 is divided by 606.
0
What is the remainder when 1083 is divided by 218?
211
Calculate the remainder when 81 is divided by 28.
25
What is the remainder 